{"id":792,"date":"2026-04-05T18:38:12","date_gmt":"2026-04-05T16:38:12","guid":{"rendered":"https:\/\/rapidgumi.hu\/?page_id=792"},"modified":"2026-04-05T18:41:16","modified_gmt":"2026-04-05T16:41:16","slug":"elementor-792","status":"publish","type":"page","link":"https:\/\/rapidgumi.hu\/index.php\/ro\/elementor-792\/","title":{"rendered":"Elementor #792"},"content":{"rendered":"\t\t<div data-elementor-type=\"wp-page\" data-elementor-id=\"792\" class=\"elementor elementor-792\" data-elementor-post-type=\"page\">\n\t\t\t\t<div class=\"elementor-element elementor-element-6b6f235 e-flex e-con-boxed e-con e-parent\" data-id=\"6b6f235\" data-element_type=\"container\" data-settings=\"{&quot;background_background&quot;:&quot;classic&quot;}\">\n\t\t\t\t\t<div class=\"e-con-inner\">\n\t\t<div class=\"elementor-element elementor-element-88f6db4 e-con-full e-flex e-con e-child\" data-id=\"88f6db4\" data-element_type=\"container\" data-settings=\"{&quot;background_background&quot;:&quot;classic&quot;}\">\n\t\t<div class=\"elementor-element elementor-element-e2033ea e-con-full e-flex e-con e-child\" data-id=\"e2033ea\" data-element_type=\"container\">\n\t\t\t\t<div class=\"elementor-element elementor-element-c1acaff elementor-widget elementor-widget-image\" data-id=\"c1acaff\" data-element_type=\"widget\" data-widget_type=\"image.default\">\n\t\t\t\t\t\t\t\t\t\t\t\t\t\t\t<img alt=\"\" fetchpriority=\"high\" decoding=\"async\" width=\"768\" height=\"1024\" src=\"https:\/\/rapidgumi.hu\/wp-content\/uploads\/2026\/02\/1000003724-768x1024.jpg\" class=\"attachment-large size-large wp-image-288\" alt=\"\" srcset=\"https:\/\/rapidgumi.hu\/wp-content\/uploads\/2026\/02\/1000003724-768x1024.jpg 768w, https:\/\/rapidgumi.hu\/wp-content\/uploads\/2026\/02\/1000003724-225x300.jpg 225w, https:\/\/rapidgumi.hu\/wp-content\/uploads\/2026\/02\/1000003724-1152x1536.jpg 1152w, https:\/\/rapidgumi.hu\/wp-content\/uploads\/2026\/02\/1000003724-1536x2048.jpg 1536w, https:\/\/rapidgumi.hu\/wp-content\/uploads\/2026\/02\/1000003724-scaled.jpg 1920w\" sizes=\"(max-width: 768px) 100vw, 768px\" \/>\t\t\t\t\t\t\t\t\t\t\t\t\t\t\t<\/div>\n\t\t\t\t<\/div>\n\t\t<div class=\"elementor-element elementor-element-60bc17d e-con-full e-flex e-con e-child\" data-id=\"60bc17d\" data-element_type=\"container\">\n\t\t\t\t<div class=\"elementor-element elementor-element-dfc70b9 elementor-widget elementor-widget-heading\" data-id=\"dfc70b9\" data-element_type=\"widget\" data-widget_type=\"heading.default\">\n\t\t\t\t\t<h1 class=\"elementor-heading-title elementor-size-default\"><a href=\"#\">Reparare pan\u0103<\/a><\/h1>\t\t\t\t<\/div>\n\t\t\t\t<div class=\"elementor-element elementor-element-2bf2a85 elementor-widget elementor-widget-text-editor\" data-id=\"2bf2a85\" data-element_type=\"widget\" data-widget_type=\"text-editor.default\">\n\t\t\t\t\t\t\t\t\t<p>A\u021bi f\u0103cut o pan\u0103? Nu v\u0103 face\u021bi griji, s-ar putea s\u0103 nu ave\u021bi nevoie de o anvelop\u0103 nou\u0103! Speciali\u0219tii no\u0219tri vor examina dauna \u0219i, dac\u0103 este posibil, vor salva anvelopa. Cu serviciul nostru mobil de anvelope, ne gr\u0103bim s\u0103 v\u0103 ajut\u0103m oriunde \u2013 fie c\u0103 este pe marginea autostr\u0103zii sau la dumneavoastr\u0103 acas\u0103. Dac\u0103 anvelopa totu\u0219i nu poate fi reparat\u0103, vom efectua \u00eenlocuirea imediat la fa\u021ba locului.<\/p>\t\t\t\t\t\t\t\t<\/div>\n\t\t\t\t<\/div>\n\t\t\t\t<\/div>\n\t\t<div class=\"elementor-element elementor-element-5fbca32 e-con-full e-flex e-con e-child\" data-id=\"5fbca32\" data-element_type=\"container\" data-settings=\"{&quot;background_background&quot;:&quot;classic&quot;}\">\n\t\t<div class=\"elementor-element elementor-element-42db5ea e-con-full e-flex e-con e-child\" data-id=\"42db5ea\" data-element_type=\"container\">\n\t\t\t\t<div class=\"elementor-element elementor-element-e69f42e elementor-widget elementor-widget-heading\" data-id=\"e69f42e\" data-element_type=\"widget\" data-widget_type=\"heading.default\">\n\t\t\t\t\t<h1 class=\"elementor-heading-title elementor-size-default\"><a href=\"#\">Depozitare anvelope<\/a><\/h1>\t\t\t\t<\/div>\n\t\t\t\t<div class=\"elementor-element elementor-element-6645571 elementor-widget elementor-widget-text-editor\" data-id=\"6645571\" data-element_type=\"widget\" data-widget_type=\"text-editor.default\">\n\t\t\t\t\t\t\t\t\t<p data-path-to-node=\"21,1,0\">\u00cen timpul schimbului sezonier de ro\u021bi, mul\u021bi proprietari de ma\u0219ini \u00ee\u0219i bat capul cu privire la unde \u0219i cum s\u0103 depoziteze anvelopele care nu sunt folosite momentan. Serviciul nostru de <b data-path-to-node=\"21,1,0\" data-index-in-node=\"214\">Hotel de anvelope<\/b> ofer\u0103 o solu\u021bie convenabil\u0103 \u0219i profesional\u0103 exact pentru acest lucru.<\/p><p data-path-to-node=\"21,2,0\">Scopul nostru este s\u0103 v\u0103 lu\u0103m de pe umeri povara depozit\u0103rii, garant\u00e2nd \u00een acela\u0219i timp p\u0103strarea st\u0103rii anvelopelor dumneavoastr\u0103. Depozitarea necorespunz\u0103toare poate reduce semnificativ durata de via\u021b\u0103 \u0219i performan\u021ba anvelopelor. Prin utilizarea <b data-path-to-node=\"21,2,0\" data-index-in-node=\"276\">hotelului de anvelope<\/b>, alege\u021bi o cale simpl\u0103 \u0219i sigur\u0103, astfel \u00eenc\u00e2t anvelopele dumneavoastr\u0103 s\u0103 a\u0219tepte mereu sezonul urm\u0103tor \u00eentr-o stare impecabil\u0103.<\/p>\t\t\t\t\t\t\t\t<\/div>\n\t\t\t\t<\/div>\n\t\t<div class=\"elementor-element elementor-element-0c3ece8 e-con-full e-flex e-con e-child\" data-id=\"0c3ece8\" data-element_type=\"container\">\n\t\t\t\t<div class=\"elementor-element elementor-element-1e77129 elementor-widget elementor-widget-image\" data-id=\"1e77129\" data-element_type=\"widget\" data-widget_type=\"image.default\">\n\t\t\t\t\t\t\t\t\t\t\t\t\t\t\t<img alt=\"\" decoding=\"async\" width=\"768\" height=\"1024\" src=\"https:\/\/rapidgumi.hu\/wp-content\/uploads\/2026\/02\/1000003579-768x1024.jpg\" class=\"attachment-large size-large wp-image-301\" alt=\"\" srcset=\"https:\/\/rapidgumi.hu\/wp-content\/uploads\/2026\/02\/1000003579-768x1024.jpg 768w, https:\/\/rapidgumi.hu\/wp-content\/uploads\/2026\/02\/1000003579-225x300.jpg 225w, https:\/\/rapidgumi.hu\/wp-content\/uploads\/2026\/02\/1000003579-1152x1536.jpg 1152w, https:\/\/rapidgumi.hu\/wp-content\/uploads\/2026\/02\/1000003579-1536x2048.jpg 1536w, https:\/\/rapidgumi.hu\/wp-content\/uploads\/2026\/02\/1000003579-scaled.jpg 1920w\" sizes=\"(max-width: 768px) 100vw, 768px\" \/>\t\t\t\t\t\t\t\t\t\t\t\t\t\t\t<\/div>\n\t\t\t\t<\/div>\n\t\t\t\t<\/div>\n\t\t\t\t\t<\/div>\n\t\t\t\t<\/div>\n\t\t<div class=\"elementor-element elementor-element-af75708 e-flex e-con-boxed e-con e-parent\" data-id=\"af75708\" data-element_type=\"container\" data-settings=\"{&quot;background_background&quot;:&quot;classic&quot;}\">\n\t\t\t\t\t<div class=\"e-con-inner\">\n\t\t\t\t\t<\/div>\n\t\t\t\t<\/div>\n\t\t<div class=\"elementor-element elementor-element-2805421 e-flex e-con-boxed e-con e-parent\" data-id=\"2805421\" data-element_type=\"container\" data-settings=\"{&quot;background_background&quot;:&quot;classic&quot;}\">\n\t\t\t\t\t<div class=\"e-con-inner\">\n\t\t<div class=\"elementor-element elementor-element-7d1b654 e-con-full e-flex e-con e-child\" data-id=\"7d1b654\" data-element_type=\"container\" data-settings=\"{&quot;background_background&quot;:&quot;classic&quot;}\">\n\t\t<div class=\"elementor-element elementor-element-a967f9f e-con-full e-flex e-con e-child\" data-id=\"a967f9f\" data-element_type=\"container\">\n\t\t\t\t<div class=\"elementor-element elementor-element-97224c8 elementor-widget elementor-widget-image\" data-id=\"97224c8\" data-element_type=\"widget\" data-widget_type=\"image.default\">\n\t\t\t\t\t\t\t\t\t\t\t\t\t\t\t<img alt=\"\" decoding=\"async\" width=\"768\" height=\"1024\" src=\"https:\/\/rapidgumi.hu\/wp-content\/uploads\/2026\/02\/1000005308-768x1024.jpg\" class=\"attachment-large size-large wp-image-305\" alt=\"\" srcset=\"https:\/\/rapidgumi.hu\/wp-content\/uploads\/2026\/02\/1000005308-768x1024.jpg 768w, https:\/\/rapidgumi.hu\/wp-content\/uploads\/2026\/02\/1000005308-225x300.jpg 225w, https:\/\/rapidgumi.hu\/wp-content\/uploads\/2026\/02\/1000005308-1152x1536.jpg 1152w, https:\/\/rapidgumi.hu\/wp-content\/uploads\/2026\/02\/1000005308-1536x2048.jpg 1536w, https:\/\/rapidgumi.hu\/wp-content\/uploads\/2026\/02\/1000005308-scaled.jpg 1920w\" sizes=\"(max-width: 768px) 100vw, 768px\" \/>\t\t\t\t\t\t\t\t\t\t\t\t\t\t\t<\/div>\n\t\t\t\t<\/div>\n\t\t<div class=\"elementor-element elementor-element-ed0773a e-con-full e-flex e-con e-child\" data-id=\"ed0773a\" data-element_type=\"container\">\n\t\t\t\t<div class=\"elementor-element elementor-element-801c4df elementor-widget elementor-widget-heading\" data-id=\"801c4df\" data-element_type=\"widget\" data-widget_type=\"heading.default\">\n\t\t\t\t\t<h1 class=\"elementor-heading-title elementor-size-default\"><a href=\"#\">Programare TPMS \u0219i \u00eenv\u0103\u021bare senzori<\/a><\/h1>\t\t\t\t<\/div>\n\t\t\t\t<div class=\"elementor-element elementor-element-324028b elementor-widget elementor-widget-text-editor\" data-id=\"324028b\" data-element_type=\"widget\" data-widget_type=\"text-editor.default\">\n\t\t\t\t\t\t\t\t\t<p data-path-to-node=\"23,1,0\">Sarcina TPMS (sistemul de monitorizare a presiunii \u00een anvelope) este de a monitoriza continuu presiunea anvelopelor vehiculului. Dac\u0103 presiunea din orice roat\u0103 scade sub valoarea permis\u0103, sistemul alerteaz\u0103 imediat. Acest lucru este deosebit de important, deoarece o anvelop\u0103 aflat\u0103 \u00eentr-o stare apropiat\u0103 de pan\u0103 nu doar c\u0103 influen\u021beaz\u0103 comportamentul vehiculului, dar poate reprezenta \u0219i un risc grav de accident.<\/p><p data-path-to-node=\"23,2,0\">Func\u021bionarea corect\u0103 a sistemului este asigurat\u0103 de programarea TPMS, \u00een timpul c\u0103reia senzorii sunt seta\u021bi s\u0103 comunice cu precizie cu sistemul central al ma\u0219inii. Un TPMS bine calibrat nu serve\u0219te doar siguran\u021bei, ci contribuie \u0219i la uzura uniform\u0103 a anvelopelor, rezult\u00e2nd astfel \u00een economii de combustibil \u0219i o durat\u0103 de via\u021b\u0103 mai lung\u0103 a anvelopelor.<\/p>\t\t\t\t\t\t\t\t<\/div>\n\t\t\t\t<\/div>\n\t\t\t\t<\/div>\n\t\t<div class=\"elementor-element elementor-element-daea4cd e-con-full elementor-hidden-desktop elementor-hidden-tablet elementor-hidden-mobile e-flex e-con e-child\" data-id=\"daea4cd\" data-element_type=\"container\" data-settings=\"{&quot;background_background&quot;:&quot;classic&quot;}\">\n\t\t<div class=\"elementor-element elementor-element-881ea32 e-con-full e-flex e-con e-child\" data-id=\"881ea32\" data-element_type=\"container\">\n\t\t\t\t<div class=\"elementor-element elementor-element-5c217e3 elementor-widget elementor-widget-heading\" data-id=\"5c217e3\" data-element_type=\"widget\" data-widget_type=\"heading.default\">\n\t\t\t\t\t<h1 class=\"elementor-heading-title elementor-size-default\"><a href=\"#\">Gumiabroncs t\u00e1rol\u00e1s<\/a><\/h1>\t\t\t\t<\/div>\n\t\t\t\t<div class=\"elementor-element elementor-element-83b8c4a elementor-widget elementor-widget-text-editor\" data-id=\"83b8c4a\" data-element_type=\"widget\" data-widget_type=\"text-editor.default\">\n\t\t\t\t\t\t\t\t\t<p data-path-to-node=\"2\">A szezon\u00e1lis ker\u00e9kcsere idej\u00e9n sok aut\u00f3tulajdonos sz\u00e1m\u00e1ra okoz fejt\u00f6r\u00e9st, hogy hol \u00e9s hogyan t\u00e1rolja az \u00e9ppen haszn\u00e1laton k\u00edv\u00fcli abroncsokat. <b data-path-to-node=\"2\" data-index-in-node=\"142\">Gumi hotel<\/b> szolg\u00e1ltat\u00e1sunk pontosan erre k\u00edn\u00e1l k\u00e9nyelmes \u00e9s szakszer\u0171 megold\u00e1st.<\/p><p data-path-to-node=\"3\">C\u00e9lunk, hogy levegy\u00fck a v\u00e1ll\u00e1r\u00f3l a t\u00e1rol\u00e1s terh\u00e9t, mik\u00f6zben garant\u00e1ljuk abroncsai \u00e1llapot\u00e1nak meg\u0151rz\u00e9s\u00e9t. A helytelen t\u00e1rol\u00e1s ugyanis jelent\u0151sen cs\u00f6kkentheti a gumik \u00e9lettartam\u00e1t \u00e9s teljes\u00edtm\u00e9ny\u00e9t. A <b data-path-to-node=\"3\" data-index-in-node=\"200\">gumi hotel<\/b> ig\u00e9nybev\u00e9tel\u00e9vel \u00d6n egy egyszer\u0171 \u00e9s biztons\u00e1gos utat v\u00e1laszt, \u00edgy abroncsai mindig kifog\u00e1stalan \u00e1llapotban v\u00e1rj\u00e1k majd a k\u00f6vetkez\u0151 szezont.<\/p>\t\t\t\t\t\t\t\t<\/div>\n\t\t\t\t<\/div>\n\t\t<div class=\"elementor-element elementor-element-d2fc4a7 e-con-full e-flex e-con e-child\" data-id=\"d2fc4a7\" data-element_type=\"container\">\n\t\t\t\t<div class=\"elementor-element elementor-element-cd53c78 elementor-widget elementor-widget-image\" data-id=\"cd53c78\" data-element_type=\"widget\" data-widget_type=\"image.default\">\n\t\t\t\t\t\t\t\t\t\t\t\t\t\t\t<img alt=\"\" fetchpriority=\"high\" decoding=\"async\" width=\"768\" height=\"1024\" src=\"https:\/\/rapidgumi.hu\/wp-content\/uploads\/2026\/02\/1000003724-768x1024.jpg\" class=\"attachment-large size-large wp-image-288\" alt=\"\" srcset=\"https:\/\/rapidgumi.hu\/wp-content\/uploads\/2026\/02\/1000003724-768x1024.jpg 768w, https:\/\/rapidgumi.hu\/wp-content\/uploads\/2026\/02\/1000003724-225x300.jpg 225w, https:\/\/rapidgumi.hu\/wp-content\/uploads\/2026\/02\/1000003724-1152x1536.jpg 1152w, https:\/\/rapidgumi.hu\/wp-content\/uploads\/2026\/02\/1000003724-1536x2048.jpg 1536w, https:\/\/rapidgumi.hu\/wp-content\/uploads\/2026\/02\/1000003724-scaled.jpg 1920w\" sizes=\"(max-width: 768px) 100vw, 768px\" \/>\t\t\t\t\t\t\t\t\t\t\t\t\t\t\t<\/div>\n\t\t\t\t<\/div>\n\t\t\t\t<\/div>\n\t\t\t\t\t<\/div>\n\t\t\t\t<\/div>\n\t\t\t\t<\/div>\n\t\t","protected":false},"excerpt":{"rendered":"<p>Reparare pan\u0103 A\u021bi f\u0103cut o pan\u0103? Nu v\u0103 face\u021bi griji, s-ar putea s\u0103 nu ave\u021bi nevoie de o anvelop\u0103 nou\u0103! Speciali\u0219tii no\u0219tri vor examina dauna \u0219i, dac\u0103 este posibil, vor salva anvelopa. Cu serviciul nostru mobil de anvelope, ne gr\u0103bim s\u0103 v\u0103 ajut\u0103m oriunde \u2013 fie c\u0103 este pe marginea autostr\u0103zii sau la dumneavoastr\u0103 acas\u0103. &#8230; <a title=\"Elementor #792\" class=\"read-more\" href=\"https:\/\/rapidgumi.hu\/index.php\/ro\/elementor-792\/\" aria-label=\"Read more about Elementor #792\">Olvass tov\u00e1bb<\/a><\/p>\n","protected":false},"author":1,"featured_media":0,"parent":0,"menu_order":0,"comment_status":"closed","ping_status":"closed","template":"elementor_header_footer","meta":{"_seopress_robots_primary_cat":"","_seopress_titles_title":"","_seopress_titles_desc":"","_seopress_robots_index":"","footnotes":""},"class_list":["post-792","page","type-page","status-publish"],"lang":"ro","translations":{"ro":792,"hsb":806,"hu":52,"en":764},"pll_sync_post":[],"_links":{"self":[{"href":"https:\/\/rapidgumi.hu\/index.php\/wp-json\/wp\/v2\/pages\/792","targetHints":{"allow":["GET"]}}],"collection":[{"href":"https:\/\/rapidgumi.hu\/index.php\/wp-json\/wp\/v2\/pages"}],"about":[{"href":"https:\/\/rapidgumi.hu\/index.php\/wp-json\/wp\/v2\/types\/page"}],"author":[{"embeddable":true,"href":"https:\/\/rapidgumi.hu\/index.php\/wp-json\/wp\/v2\/users\/1"}],"replies":[{"embeddable":true,"href":"https:\/\/rapidgumi.hu\/index.php\/wp-json\/wp\/v2\/comments?post=792"}],"version-history":[{"count":4,"href":"https:\/\/rapidgumi.hu\/index.php\/wp-json\/wp\/v2\/pages\/792\/revisions"}],"predecessor-version":[{"id":802,"href":"https:\/\/rapidgumi.hu\/index.php\/wp-json\/wp\/v2\/pages\/792\/revisions\/802"}],"wp:attachment":[{"href":"https:\/\/rapidgumi.hu\/index.php\/wp-json\/wp\/v2\/media?parent=792"}],"curies":[{"name":"wp","href":"https:\/\/api.w.org\/{rel}","templated":true}]}}